 by 227?
172
Calculate the remainder when 91777 is divided by 20.
17
Calculate the remainder when 645 is divided by 92.
1
Calculate the remainder when 1350572 is divided by 73.
72
What is the remainder when 1848 is divided by 110?
88
Calculate the remainder when 86997 is divided by 38.
15
Calculate the remainder when 3934 is divided by 116.
106
What is the remainder when 9498 is divided by 4500?
498
Calculate the remainder when 4862 is divided by 2313.
236
What is the remainder when 12394 is divided by 6183?
28
Calculate the remainder when 2284 is divided by 2178.
106
What is the remainder when 97639 is divided by 226?
7
What is the remainder when 547 is divided by 536?
11
Calculate the remainder when 1470 is divided by 122.
6
What is the remainder when 61151 is divided by 8?
7
What is the remainder when 5716 is divided by 952?
4
What is the remainder when 4976 is divided by 19?
17
What is the remainder when 134197 is divided by 4792?
21
What is the remainder when 11266 is divided by 39?
34
Calculate the remainder when 10399 is divided by 222.
187
Calculate the remainder when 138633 is divided by 101.
61
What is the remainder when 1497 is divided by 118?
81
What is the remainder when 40352 is divided by 70?
32
Calculate the remainder when 172883 is divided by 1880.
1803
What is the remainder when 14863 is divided by 392?
359
Calculate the remainder when 880 is divided by 34.
30
What is the remainder when 14837 is divided by 539?
284
Calculate the remainder when 28916 is divided by 3532.
660
Calculate the remainder when 67715 is divided by 22568.
11
Calculate the remainder when 3276 is divided by 2953.
323
Calculate the remainder when 590 is divided by 43.
31
Calculate the remainder when 44516 is divided by 105.
101
Calculate the remainder when 31122 is divided by 5173.
84
What is the remainder when 230113 is divided by 141?
1
What is the remainder when 7724 is divided by 555?
509
What is the remainder when 16447 is divided by 451?
211
What is the remainder when 5703 is divided by 5688?
15
What is the remainder when 2814 is divided by 492?
354
Calculate the remainder when 45993 is divided by 76.
13
What is the remainder when 980554 is divided by 492?
490
Calculate the remainder when 15503 is divided by 816.
815
What is the remainder when 655 is divided by 323?
9
Calculate the remainder when 61506 is divided by 87.
84
Calculate the remainder when 3428 is divided by 1690.
48
What is the remainder when 25138 is divided by 331?
313
Calculate the remainder when 17586 is divided by 2511.
9
Calculate the remainder when 19302 is divided by 430.
382
What is the remainder when 33576 is divided by 376?
112
What is the remainder when 39234 is divided by 34?
32
Calculate the remainder when 2072 is divided by 284.
84
Calculate the remainder when 421782 is divided by 303.
6
What is the remainder when 42745 is divided by 231?
10
What is the remainder when 395499 is divided by 131830?
9
What is the remainder when 10712 is divided by 2650?
112
What is the remainder when 29047 is divided by 106?
3
What is the remainder when 521439 is divided by 5?
4
What is the remainder when 1460 is divided by 1445?
15
Calculate the remainder when 10465 is divided by 1743.
7
Calculate the remainder when 183946 is divided by 91967.
12
Calculate the remainder when 115491 is divided by 44.
35
What is the remainder when 43160 is divided by 21568?
24
What is the remainder when 5267 is divided by 5264?
3
Calculate the remainder when 155023 is divided by 29.
18
Calculate the remainder when 824 is divided by 211.
191
Calculate the remainder when 197741 is divided by 53.
51
What is the remainder when 2967 is divided by 166?
145
Calculate the remainder when 4660 is divided by 1360.
580
Calculate the remainder when 11286 is divided by 4.
2
Calculate the remainder when 18684 is divided by 564.
72
What is the remainder when 502579 is divided by 502579?
0
Calculate the remainder when 243643 is divided by 108.
103
What is the remainder when 332456 is divided by 60?
56
Calculate the remainder when 7462 is divided by 1751.
458
What is the remainder when 1576081 is divided by 1270?
11
What is the remainder when 65990 is divided by 342?
326
What is the remainder when 4430 is divided by 736?
14
Calculate the remainder when 85688 is divided by 14276.
32
What is the remainder when 514350 is divided by 167?
157
Calculate the remainder when 133777 is divided by 157.
13
What is the remainder when 60035 is divided by 2222?
41
Calculate the remainder when 591 is divided by 88.
63
Calculate the remainder when 1558 is divided by 228.
190
Calculate the remainder when 2402 is divided by 803.
796
Calculate the remainder when 323205 is divided by 323187.
18
What is the remainder when 365 is divided by 154?
57
Calculate the remainder when 125856 is divided by 715.
16
Calculate the remainder when 17391 is divided by 404.
19
What is the remainder when 1085315 is divided by 12?
11
What is the remainder when 48258 is divided by 427?
7
Calculate the remainder when 15931 is divided by 514.
511
Calculate the remainder when 72258 is divided by 29.
19
What is the remainder when 19981 is divided by 58?
29
Calculate the remainder when 41221 is divided by 13733.
22
Calculate the remainder when 6716 is divided by 1035.
506
What is the remainder when 75440 is divided by 29?
11
Calculate the remainder when 21512 is divided by 5378.
0
Calculate the remainder when 435102 is divided by 15.
12
Calculate the remainder when 1716999 is divided by 5.
4
Calculate the remainder when 3053 is divided by 597.
68
Calculate the remainder when 18248 is divided by 73.
71
Calculate the remainder when 19747 is divided by 3267.
145
Calculate the remainder when 36379 is divided by 85.
84
What is the remainder when 5871 is divided by 1956?
3
Calculate the remainder when 1151 is divided by 500.
151
Calculate the remainder when 14389 is divided by 96.
85
What is the remainder when 1973 is divided by 1898?
75
Calculate the remainder when 876514 is divided by 72.
58
What is the remainder when 29738 is divided by 47?
34
Calculate the remainder when 14339 is divided by 11.
6
Calculate the remainder when 2516 is divided by 2506.
10
Calculate the remainder when 10174 is divided by 1046.
760
What is the remainder when 25336 is divided by 169?
155
What is the remainder when 135564 is divided by 19?
18
What is the remainder when 7331 is divided by 107?
55
Calculate the remainder when 72248 is divided by 7224.
8
What is the remainder when 3020 is divided by 17?
11
Calculate the remainder when 87448 is divided by 43721.
6
What is the remainder when 37329 is divided by 18578?
173
Calculate the remainder when 10725 is divided by 772.
689
What is the remainder when 2265 is divided by 16?
9
What is the remainder when 3888 is divided by 143?
27
Calculate the remainder when 104087 is divided by 44.
27
Calculate the remainder when 46051 is divided by 21.
19
Calculate the remainder when 9805 is divided by 812.
61
Calculate the remainder when 4146 is divided by 83.
79
What is the remainder when 6755 is divided by 49?
42
What is the remainder when 98525 is divided by 167?
162
What is the remainder when 62675 is divided by 12535?
0
Calculate the remainder when 860 is divided by 365.
130
Calculate the remainder when 90148 is divided by 94.
2
Calculate the remainder when 4750 is divided by 2353.
44
Calculate the remainder when 5152 is divided by 572.
4
Calculate the remainder when 606113 is divided by 9.
8
What is the remainder when 60698 is divided by 4?
2
Calculate the remainder when 304747 is divided by 222.
163
Calculate the remainder when 3413 is divided by 722.
525
What is the remainder when 13799 is divided by 652?
107
Calculate the remainder when 5333 is divided by 107.
90
What is the remainder when 159657 is divided by 79788?
81
Calculate the remainder when 291181 is divided by 58232.
21
What is the remainder when 7148 is divided by 1?
0
What is the remainder when 4688 is divided by 1516?
140
Calculate the remainder when 1734 is divided by 154.
40
Calculate the remainder when 12127 is divided by 92.
75
Calculate the remainder when 465878 is divided by 12591.
11
Calculate the remainder when 2551 is divided by 357.
52
What is the remainder when 33284 is divided 